lculate the remainder when 8588545 is divided by 1686.
61
What is the remainder when 370952 is divided by 185170?
612
Calculate the remainder when 7003109 is divided by 5536.
69
What is the remainder when 3378147 is divided by 30?
27
Calculate the remainder when 18147238 is divided by 13.
5
What is the remainder when 197808 is divided by 209?
94
Calculate the remainder when 19350074 is divided by 53.
39
Calculate the remainder when 971127 is divided by 138730.
17
Calculate the remainder when 588252 is divided by 21.
0
Calculate the remainder when 13737056 is divided by 122.
100
What is the remainder when 11711 is divided by 5813?
85
Calculate the remainder when 2267543 is divided by 1133757.
29
Calculate the remainder when 542040 is divided by 1481.
1475
What is the remainder when 20643328 is divided by 1883?
1882
Calculate the remainder when 29614158 is divided by 1019.
999
What is the remainder when 89591 is divided by 4223?
908
Calculate the remainder when 3459676 is divided by 80.
76
Calculate the remainder when 7061531 is divided by 46.
25
Calculate the remainder when 1791730 is divided by 2603.
866
What is the remainder when 100560 is divided by 5585?
30
What is the remainder when 108030752 is divided by 1267?
1264
What is the remainder when 864208083 is divided by 22?
13
Calculate the remainder when 2054983 is divided by 258.
13
What is the remainder when 18539678 is divided by 45?
38
Calculate the remainder when 3494251 is divided by 1748.
1747
What is the remainder when 653368 is divided by 853?
823
Calculate the remainder when 4352100 is divided by 2915.
5
Calculate the remainder when 284929 is divided by 40670.
239
What is the remainder when 3328987 is divided by 665789?
42
Calculate the remainder when 73580 is divided by 463.
426
What is the remainder when 321766 is divided by 500?
266
Calculate the remainder when 82750 is divided by 169.
109
Calculate the remainder when 11321197 is divided by 155.
152
Calculate the remainder when 17161 is divided by 1050.
361
Calculate the remainder when 77605300 is divided by 3506.
3496
Calculate the remainder when 1380866 is divided by 134.
130
Calculate the remainder when 2848383 is divided by 224.
223
Calculate the remainder when 863267 is divided by 63.
41
What is the remainder when 2722042 is divided by 6813?
3655
What is the remainder when 9480813 is divided by 54?
33
What is the remainder when 515593 is divided by 24552?
1
What is the remainder when 321129 is divided by 15105?
3924
What is the remainder when 62122949 is divided by 486?
485
What is the remainder when 46950 is divided by 15255?
1185
Calculate the remainder when 28375622 is divided by 15.
2
Calculate the remainder when 7409789 is divided by 673616.
13
What is the remainder when 6895711 is divided by 2233?
207
What is the remainder when 15978142 is divided by 104?
102
What is the remainder when 161010251 is divided by 18?
17
What is the remainder when 140610 is divided by 16?
2
Calculate the remainder when 805469 is divided by 2292.
977
What is the remainder when 103091 is divided by 2135?
611
Calculate the remainder when 291628 is divided by 634.
622
What is the remainder when 201625 is divided by 513?
16
What is the remainder when 37143 is divided by 4640?
23
What is the remainder when 8731129 is divided by 20838?
7
What is the remainder when 65771899 is divided by 20?
19
Calculate the remainder when 481759 is divided by 78.
31
Calculate the remainder when 181781 is divided by 8.
5
Calculate the remainder when 375502 is divided by 295.
262
What is the remainder when 717112 is divided by 12357?
406
What is the remainder when 20961941 is divided by 107?
106
Calculate the remainder when 76909 is divided by 2261.
35
Calculate the remainder when 242386 is divided by 40395.
16
Calculate the remainder when 128824 is divided by 1398.
208
What is the remainder when 1585865 is divided by 32360?
225
What is the remainder when 1392447873 is divided by 2119?
2117
Calculate the remainder when 178653 is divided by 1625.
1528
Calculate the remainder when 23987098 is divided by 3260.
18
Calculate the remainder when 22485625 is divided by 11.
8
What is the remainder when 10735799 is divided by 870?
869
What is the remainder when 1650222 is divided by 153?
117
Calculate the remainder when 151080 is divided by 3357.
15
Calculate the remainder when 54339 is divided by 1924.
467
Calculate the remainder when 6327860 is divided by 451979.
154
Calculate the remainder when 378321 is divided by 5328.
33
What is the remainder when 1085471 is divided by 361770?
161
What is the remainder when 362002 is divided by 1653?
1648
What is the remainder when 3668081 is divided by 262005?
11
What is the remainder when 1754224 is divided by 438541?
60
Calculate the remainder when 49466442 is divided by 52.
38
What is the remainder when 8511930 is divided by 1702384?
10
What is the remainder when 335532 is divided by 12854?
1328
What is the remainder when 1718808354 is divided by 11?
10
Calculate the remainder when 226049 is divided by 112866.
317
Calculate the remainder when 2308819 is divided by 27817.
8
What is the remainder when 1379283 is divided by 654?
651
Calculate the remainder when 2576163 is divided by 19369.
86
Calculate the remainder when 23914419 is divided by 1923.
1914
What is the remainder when 167904 is divided by 1374?
276
What is the remainder when 3336913 is divided by 12?
1
What is the remainder when 435668 is divided by 21697?
1728
Calculate the remainder when 21206863 is divided by 28.
27
What is the remainder when 97574094 is divided by 2668?
2666
Calculate the remainder when 3806634 is divided by 292818.
0
What is the remainder when 4794226 is divided by 18879?
17839
Calculate the remainder when 290264 is divided by 289950.
314
Calculate the remainder when 227395 is divided by 18939.
127
What is the remainder when 3845241 is divided by 13684?
37
What is the remainder when 15124949 is divided by 187?
15
Calculate the remainder when 94162 is divided by 46263.
1636
Calculate the remainder when 1589842443 is divided by 16.
11
What is the remainder when 110260 is divided by 110175?
85
Calculate the remainder when 27593935 is divided by 1393.
1391
Calculate the remainder when 213454 is divided by 213133.
321
Calculate the remainder when 84209 is divided by 5949.
923
Calculate the remainder when 208110 is divided by 12116.
2138
What is the remainder when 201647835 is divided by 76?
75
Calculate the remainder when 11143555 is divided by 2785886.
11
What is the remainder when 82016 is divided by 10560?
8096
Calculate the remainder when 57546 is divided by 55217.
2329
Calculate the remainder when 19656008 is divided by 9827979.
50
What is the remainder when 72396 is divided by 36028?
340
Calculate the remainder when 43239948 is divided by 1372.
1368
What is the remainder when 2692979 is divided by 12?
11
What is the remainder when 51548154 is divided by 61?
43
Calculate the remainder when 507240 is divided by 58.
30
Calculate the remainder when 342494 is divided by 2032.
1118
Calculate the remainder when 30780964 is divided by 205.
9
Calculate the remainder when 393085 is divided by 128.
125
Calculate the remainder when 116257 is divided by 78.
37
Calculate the remainder when 2396947 is divided by 116.
39
What is the remainder when 1066069 is divided by 302?
9
Calculate the remainder when 509447 is divided by 345.
227
What is the remainder when 749445 is divided by 605?
455
Calculate the remainder when 2593893 is divided by 1825.
568
What is the remainder when 832435 is divided by 4183?
18
Calculate the remainder when 57865 is divided by 1470.
535
What is the remainder when 2039531 is divided by 407906?
1
Calculate the remainder when 94743 is divided by 31469.
336
What is the remainder when 936568 is divided by 234134?
32
What is the remainder when 444855 is divided by 477?
291
Calculate the remainder when 2678116 is divided by 331.
326
Calculate the remainder when 2579893 is divided by 1253.
1219
What is the remainder when 458194150 is divided by 12?
10
Calculate the remainder when 12041008 is divided by 6020478.
52
What is the remainder when 42153 is divided by 181?
161
What is the remainder when 1349797 is divided by 2083?
13
Calculate the r